**3 + 11*i**2 + 14*i - 24. Let z be h(12). Suppose -5*u + 8883 = 5*j - 8107, z = -5*u - 25. Suppose -4*l + 189 + j = 0. Is l a composite number?
True
Suppose n = 5*a + 263558, -n + a + 9404 = -254142. Is n a prime number?
False
Let l(g) = -169*g + 152. Let f(d) = -56*d + 51. Let c(w) = 7*f(w) - 2*l(w). Let u be c(21). Let v = -720 - u. Is v composite?
True
Let a(b) = b**3 + 5 - 46*b - 6*b**2 + 11 + 11*b**3 - 1. Is a(9) composite?
True
Suppose 158*i - 580 = 163*i. Let q be ((-4)/((-8)/53))/((-1)/i). Let w = q + 2589. Is w a composite number?
True
Suppose 0*j = -m - 2*j + 60, -4*m - 4*j = -252. Suppose 54*x - m*x = -11076. Is x a prime number?
False
Suppose 2*q = 12, 2*q = 11*k - 9*k - 121294. Is k composite?
True
Suppose -2*v + 128 = 2*v + 2*a, 5*a = 2*v - 40. Let j = -45 + v. Is (-2 + j/(-6))/(1/406) a composite number?
True
Suppose -5*r + 4476 = -18939. Let u = -1384 + r. Is u a prime number?
True
Suppose -174 = -6*u + 3*u. Let w be 215/45 - (3 + u/(-18)). Suppose 0*x - i + 746 = w*x, i = -4*x + 597. Is x a prime number?
True
Let r(a) = 2*a**3 + 9*a**2 + 72*a - 41. Is r(30) composite?
True
Is 147442/((-5)/(225/(-30))) a composite number?
True
Let m = 4832822 - 2261223. Is m prime?
True
Suppose 5171019 = 188*v - 1004593. Is v composite?
True
Suppose -8*x + 34215 + 58729 = 0. Suppose -x = -10*p + 3812. Is p composite?
False
Let m be 2/(-28)*-2 - 108/(-28). Suppose m*r - 6*r + 10 = 0. Suppose 2*h = r*h - 3507. Is h a composite number?
True
Suppose 3*s - 168327 = -3*y, 18*s - 16*s - 112197 = y. Is s a prime number?
False
Let a(b) = 392*b - 4 - 2 - 3. Suppose -3*j + 4*q = -8, -j = 3*q - 6 - 1. Is a(j) composite?
False
Suppose 2*h = r - 967, -2*r + 967 = -r - h. Suppose -2*d + 12*w - 7*w + 1212 = 0, 4*d - 2364 = -5*w. Let j = r - d. Is j a prime number?
False
Suppose -4*h - 336969 = 8*h - 21*h. Is h composite?
False
Suppose 1201293 - 303378 = -w. Is 2/12 - w/90 a prime number?
False
Let y = 90867 - 37508. Is y a prime number?
True
Suppose 9*r - 18201 + 126471 = 0. Let u = 19457 + r. Is u a composite number?
True
Suppose 5*d + 3*h - 2602 = 5*h, -5*d + 2599 = h. Suppose -m + s + d = 0, -5*s + 853 = 3*m - 715. Is m prime?
True
Suppose -23747 = -4*l - 17*w + 12*w, -23735 = -4*l - w. Is l prime?
False
Let r be (-27)/(-6)*24/54. Suppose -251 - 75 = r*k. Is (k - (2 + -2))/(-1) a composite number?
False
Suppose 9*n - 196108 = 7*n. Let d = -54345 + n. Suppose 2*z - 9032 - 8445 = -5*q, 0 = 5*z - 4*q - d. Is z prime?
True
Let c(x) = 7309*x + 363. Is c(4) prime?
True
Suppose -5*c + b = 3*b - 664, -3*c + 394 = -b. Let r be c/(-30) - 4/(-10). Is 1562 + (-1 - r/(-2)) prime?
True
Suppose -75 = -7*n + 100. Suppose n*d + 49292 = 29*d. Is d composite?
False
Let s(w) = 893*w**2 - 9*w - 1. Let x be s(-2). Let k = 6858 - x. Is k a prime number?
False
Let w(t) = 2906*t**2 - 91*t + 2372. Is w(21) composite?
False
Let d = 23828 + -11577. Is d a composite number?
False
Let w(y) = y - 1. Let s(k) = 1817*k + 8. Let b(f) = -s(f) - 5*w(f). Suppose -o - 6*o - 5*o = 12. Is b(o) prime?
False
Suppose 0 = 3*p - 2*m - 1795, -15*m = -4*p - 18*m + 2382. Suppose -p = 11*l - 6724. Is l composite?
False
Suppose 0 = 176*l - 807739 + 105323. Is l composite?
True
Let x(p) = -205*p - 16. Let m(k) = 410*k + 32. Let h(b) = 6*m(b) + 13*x(b). Let g be h(-5). Let r = g - 590. Is r prime?
True
Let i(g) = -g**3 - 5*g**2 + 12*g - 18. Let d be i(-7). Is 9538/((-3)/(6/d)) composite?
True
Let r(f) = -223*f**3 + f**2 - 3*f - 19. Let j be r(-3). Let v = j - 1159. Is v a prime number?
True
Let s = -4794 - -5701. Is s composite?
False
Let a(k) = k**3 - 9*k**2 + 2*k + 70. Let z be a(8). Suppose 9*h = z*h - 6227. Is h prime?
True
Is 130/10 + (69591 - 11) composite?
False
Let r = 178 - 181. Is (-6522)/r*(0 - 4/(-8)) a composite number?
False
Let q = -40471 - -143808. Is q a composite number?
True
Suppose -n + 2002906 = k, -5*k - 375 = -370. Is n a composite number?
False
Let w(p) = 9185*p**2 + 42*p - 140. Is w(3) composite?
False
Suppose 37*q - 12*q - 75 = 0. Suppose 8278 = 2*i - 3*v - v, q*i = 2*v + 12425. Is i composite?
True
Let g = -36 - -51. Suppose -g*k - 1449 + 18444 = 0. Is k a composite number?
True
Let n(g) = -g**3 - 24*g**2 + 72*g - 20. Let i be n(-26). Suppose -2*p = 5*m - 2073, -4*p + 3775 = m - 380. Let d = p + i. Is d a prime number?
True
Let r(a) = a + 3580. Let h be r(0). Suppose -p - 2*p + 9 = 0. Suppose v - p*w = -4*v + h, -4*w + 20 = 0. Is v a composite number?
False
Let x = 392 - 1103. Let h = x - -1912. Suppose 0 = 3*q - 15, -4*l - 3*q = -h - 12442. Is l a prime number?
True
Let j = -1567 - -2465. Let t be ((-2705)/(-10) + 11)/((-2)/4). Let z = j + t. Is z prime?
False
Let v = 45 - 50. Let x(n) = -11*n**2 + 11*n - 5. Let h be x(v). Let d = -186 - h. Is d prime?
True
Suppose 8*n - 8790 - 26386 = 0. Suppose -5619 - n = -4*i + w, -4*i + 3*w = -10024. Is i composite?
False
Let t(x) be the first derivative of x**2/2 + 25*x + 26. Is t(21) prime?
False
Let h be 533/104 + 4/(-32). Suppose h*f - 88037 = -4*w, 4*f - 23*w + 20*w = 70442. Is f prime?
True
Let o(i) = -i**3 - 17*i**2 + 5*i + 47. Let m be o(-22). Suppose -m = -4*t + 8607. Is t a composite number?
False
Let l = 89 - 86. Is (1/(-3)*l)/2*-958 a prime number?
True
Let m(w) = 179 + 6*w**2 + 374 - 7*w**2. Is m(0) a prime number?
False
Suppose 4*h - 7 = 5. Suppose -1428 - 918 = -h*i. Suppose 63*y - i = 61*y. Is y a prime number?
False
Let t be (-2)/(-4) + 83370/4 + 1. Let o = -8855 + t. Is o composite?
True
Let h be (-16)/88 - 68/(-11). Suppose 21 = h*t + 3. Suppose 4*n - 501 = -5*c + 2*c, 0 = -t*c - n + 492. Is c prime?
True
Suppose 5634*q = 5566*q + 280636. Is q a composite number?
False
Is (51657232/(-264))/(((-2)/(-3))/(-1)) composite?
False
Is 726*71 + -36 + 23 composite?
True
Let b(u) = u**2 + 8*u + 10. Suppose 5*y + 4*f = -46 + 16, 0 = -5*y + 2*f - 30. Let a be b(y). Let c = 61 + a. Is c a prime number?
True
Is 133275 + 23 - (-25)/5 composite?
False
Let y = -410 + 2014. Suppose 0*r - y = w + 2*r, -2*r = 5*w + 8036. Is ((-2)/(-8)*11)/((-6)/w) composite?
True
Suppose 3*i + 2*m - 1831257 = 0, 2*i - 2726 - 1218093 = 5*m. Is i composite?
False
Is (275803 - 24)*((-81)/21 - -4) a composite number?
False
Let y = -97 - 48. Let d = 774 - y. Is d a prime number?
True
Suppose -8897087 = -37*w + 5343806. Is w a composite number?
False
Let h be ((-8)/(-5))/(12/90*-3). Let b be (520/(-60))/(h/(-3522)). Let q = 10786 + b. Is q prime?
False
Let c(n) = -4711*n - 50. Let z be c(-3). Suppose 0 = w - u - z, 2*u - 4*u - 56328 = -4*w. Is w prime?
True
Let w = -428567 - -635934. Is w a prime number?
True
Is (-3)/(-8) - 86260243/(-568) a prime number?
False
Let l(y) = -5*y**3 - 8*y + 2. Let b be -7*(2/(-14) + 1). Let c be l(b). Let g = 1641 - c. Is g prime?
False
Suppose -39 = 2*i - 47. Is (i + -3)/(4/2824 + 0) composite?
True
Let o(q) = -q**3 + 11*q**2 + 17*q - 22. Suppose -2*y + 3*w + 8 = 0, -5*y - 2*w + 45 = 3*w. Is o(y) a composite number?
False
Suppose 0 = -7*v - 139 + 160. Suppose 5*t = -5*k + 41780, -2*k = -3*t - v*k + 25062. Is t composite?
False
Suppose 0 = -c - 5*p + 139548 + 54120, 3*c = p + 580988. Is c composite?
False
Suppose 111*h - 51*h - 57*h - 457089 = 0. Is h composite?
False
Suppose 3*a + 2*a + d - 7070913 = 0, 2*a = -3*d + 2828386. Is a composite?
False
Let j(m) = 12*m**3 - 24*m**2 - 13*m - 39. Let n(i) = -13*i**3 + 23*i**2 + 11*i + 40. Let f(p) = -5*j(p) - 6*n(p). Is f(14) a composite number?
True
Let g = 4760 + -4594. Is g prime?
False
Is (-312816)/(-22) + (-1)/(-23 + 12) prime?
False
Let d be (16/10)/(2/10). Let i = 14 - d. Is i/4*8476/39 a prime number?
False
Suppose 24*a = 9*a + 90. Suppose -2196 = -a*t + 6450. Is t composite?
True
Let a(j) = 2*j + 1. Let q be a(2). Let s be (((-11259)/6)/3)/(231/(-2464)). Suppose 0 = -q*t + s + 1983. Is t composite?
True
Suppose -4*f + c + 47721 = -91549, -4*f + 139272 = -2*c. Is f a composite number?
True
Let t(m) = -44600*m - 6781. Is t(-10) composite?
True
Suppose -8*v = 5 - 29. Suppose -6*y + 3951 = v*y. Is y prime?
True
Let m = 106 - 104. Suppose -4*n - i = -6562, 5*i + 3292 = m*n - 0*n. Is n composite?
True
Suppose -13*x - 7020 = -0*x. Let d = 299 - x. Is d a prime number?
True
Is (30/24 + -1)*(-10 - -6095406) composite?
False
Suppose 3947*i + 12593220 = 3967*i. Is i a prime number?
False
S